{"id":243,"date":"2022-08-29T10:02:07","date_gmt":"2022-08-29T10:02:07","guid":{"rendered":"https:\/\/blog.yoopies.lu\/comment-declarer-un-salarie-a-domicile\/"},"modified":"2025-06-12T08:47:39","modified_gmt":"2025-06-12T08:47:39","slug":"comment-declarer-un-salarie-a-domicile","status":"publish","type":"page","link":"https:\/\/yoopies.lu\/c\/comment-declarer-un-salarie-a-domicile\/","title":{"rendered":"Comment d\u00e9clarer un salari\u00e9 \u00e0 domicile ?"},"content":{"rendered":"<p><p>Il y a plusieurs &eacute;tapes &agrave; bien respecter pour d&eacute;clarer un salari&eacute; &agrave; domicile &#8211; nous allons vous en r&eacute;sumer quelques-unes et nous vous invitons &agrave; visiter le site officiel <a href=\"https:\/\/https:\/\/guichet.public.lu\/fr\/citoyens\/sante-social\/assurance-dependance\/embauche-personnel\/engager-personnel-menage-prive.html\">Guichet.lu<\/a> pour y trouver toutes les informations d&eacute;taill&eacute;es.<\/p>\n<\/p>\n<h4><strong>D&eacute;clarer le salari&eacute; &#8211; les modalit&eacute;s<\/strong><\/h4>\n<p><strong>1. LA D&Eacute;CLARATION D&rsquo;AFFILIATION :<em> &agrave; effectuer aupr&egrave;s du CENTRE COMMUN DE LA S&Eacute;CURIT&Eacute; SOCIALE (CSS)<\/em><\/strong><\/p>\n<p>Outre l&rsquo;&eacute;tablissement d&rsquo;un contrat de travail, l&rsquo;employeur doit &eacute;galement effectuer une&nbsp;<strong>d&eacute;claration d&rsquo;affiliation <\/strong>aupr&egrave;s du CCSS, lors de l&rsquo;embauche.<\/p>\n<p>Les personnes occupant du personnel de m&eacute;nage ne sont en relation qu&rsquo;avec un seul organisme administratif : <strong>le CCSS<\/strong>, qui se charge de percevoir <strong>l&rsquo;imp&ocirc;t forfaitaire et les cotisations sociales.<\/strong> <\/p>\n<p>Le futur employeur ne remplit qu&rsquo;une seule d&eacute;claration, portant sur le salaire net pay&eacute; &agrave; la personne engag&eacute;e, et l&rsquo;envoie au CCSS, D&eacute;partement Affiliation. <\/p>\n<p><strong>Le CCSS calcule alors le salaire brut et d&eacute;termine le montant des cotisations de s&eacute;curit&eacute; sociale ainsi que le montant de l&rsquo;imp&ocirc;t forfaitaire de 10 % &agrave; retenir.<\/strong><\/p>\n<p><strong>\ud83d\udca1 <\/strong> B<strong>on &agrave; savoir <\/strong><\/p>\n<p>Compte tenu de ce <strong>mode de d&eacute;claration simplifi&eacute;e <\/strong>via le CCSS, les m&eacute;nages priv&eacute;s qui emploient des salari&eacute;s sont exempt&eacute;s d&rsquo;office de l&rsquo;affiliation obligatoire &agrave; la Mutualit&eacute; des employeurs.<\/p>\n<\/p>\n<h4><strong>La proc&eacute;dure d&rsquo;affiliation du salari&eacute; par le Centre commun de la s&eacute;curit&eacute; sociale<\/strong><\/h4>\n<p>Sur la base des donn&eacute;es figurant sur la d&eacute;claration, le CCSS enregistre l&rsquo;affiliation des personnes occup&eacute;es dans le m&eacute;nage et prend alors en charge le reste de la proc&eacute;dure, incluant notamment :<\/p>\n<ul>\n<li>la&nbsp;<strong>d&eacute;termination du salaire brut<\/strong>&nbsp;: pour le calcul du salaire brut, le CCSS applique les taux pour l&rsquo;assurance maladie, l&rsquo;assurance pension, l&rsquo;assurance d&eacute;pendance et un taux d&rsquo;imposition forfaitaire de 10 %. Il n&rsquo;incombe pas &agrave; la personne occup&eacute;e dans le m&eacute;nage de payer les imp&ocirc;ts. C&rsquo;est l&#8217;employeur qui est charg&eacute; du payement de cet imp&ocirc;t de 10 % du salaire net allou&eacute;, mais le CCSS se charge de percevoir d&rsquo;office cet imp&ocirc;t aupr&egrave;s de ce dernier, de le d&eacute;clarer et de le verser &agrave; l&rsquo;Administration des contributions directes ;<\/li>\n<li>le calcul des&nbsp;<a href=\"https:\/\/guichet.public.lu\/fr\/entreprises\/ressources-humaines\/remuneration\/cotisations-sociales\/payer-cotisations.html\">cotisations sociales &agrave; payer par l&#8217;employeur<\/a>&nbsp;et la&nbsp;<a href=\"https:\/\/guichet.public.lu\/fr\/support\/glossaire\/perception.html\"><em>perception<\/em><\/a>&nbsp;mensuelle de celles-ci avec les retenues fiscales ;<\/li>\n<li>le&nbsp;<strong>calcul des retenues fiscales<\/strong>&nbsp;et&nbsp;<strong>versement de l&rsquo;imp&ocirc;t<\/strong>&nbsp;&agrave; l&rsquo;Administration des contributions directes ;<\/li>\n<li>la remise d&rsquo;une fiche ou&nbsp;<strong>carte de retenue d&rsquo;imp&ocirc;ts<\/strong>&nbsp;;<\/li>\n<li>la&nbsp;<strong>d&eacute;claration mensuelle<\/strong>&nbsp;des heures de travail et des salaires.<\/li>\n<\/ul>\n<h4><strong>V&eacute;rification par l&rsquo;employeur et le salari&eacute; des donn&eacute;es enregistr&eacute;es par le Centre commun<\/strong><\/h4>\n<p>A la fin de chaque semestre, le CCSS transmet &agrave; l&#8217;employeur et &agrave; la personne occup&eacute;e un relev&eacute; renseignant le nombre d&rsquo;heures travaill&eacute;es en moyenne par semaine ainsi que la r&eacute;mun&eacute;ration nette d&eacute;clar&eacute;e. Le salaire mensuel brut et les cotisations mensuelles sont indiqu&eacute;s sur le verso du document. De cette mani&egrave;re, l&#8217;employeur et la personne occup&eacute;e peuvent v&eacute;rifier les donn&eacute;es et signaler d&rsquo;&eacute;ventuels changements. Le nombre d&rsquo;heures est multipli&eacute; par le facteur 4,33 (soit 52 semaines divis&eacute;es par 12 mois) et par le salaire horaire pour obtenir le salaire mensuel.<\/p>\n<p>Tout changement, notamment du degr&eacute; d&rsquo;occupation du salari&eacute;, peut &eacute;galement &ecirc;tre communiqu&eacute; au CCSS par simple courrier ou par e-mail.<\/p>\n<p>L&rsquo;employeur et\/ou le salari&eacute; peuvent signaler, par &eacute;crit, une diff&eacute;rence entre la d&eacute;claration et la r&eacute;mun&eacute;ration effectivement touch&eacute;e. La contestation doit &ecirc;tre faite au plus tard au cours de l&rsquo;exercice suivant celui auquel la diff&eacute;rence se rapporte. Le Centre commun effectuera alors les modifications n&eacute;cessaires.<\/p>\n<p><strong>\ud83d\udca1 <\/strong> B<strong>on &agrave; savoir !&nbsp;<\/strong><\/p>\n<p>Les employeurs qui ne souhaitent pas recourir &agrave; la proc&eacute;dure simplifi&eacute;e mise en place en coop&eacute;ration avec le CCSS pour d&eacute;clarer les salaires de leur employ&eacute; peuvent <a href=\"https:\/\/guichet.public.lu\/fr\/citoyens\/impots-taxes\/obligations-employeur\/remuneration-salarie\/extrait-salaire-pension.html\">d&eacute;clarer ces derniers via MyGuichet.lu<\/a><\/p>\n<\/p>\n<h3><strong>CONSID&Eacute;RER L&rsquo;IMPOSITION FORFAITAIRE DU SALARI&Eacute;<\/strong><\/h3>\n<h4><strong>Imposition forfaitaire du salari&eacute;<\/strong><\/h4>\n<p>Le salari&eacute; est impos&eacute; forfaitairement. L&rsquo;imp&ocirc;t forfaitaire s&rsquo;&eacute;l&egrave;ve &agrave; 10 % du montant du salaire net d&rsquo;imp&ocirc;t, de cotisations sociales et d&rsquo;assurance d&eacute;pendance. Cet imp&ocirc;t doit &ecirc;tre pris en charge par l&rsquo;employeur.<\/p>\n<p>L&rsquo;<a target=\"_blank\" rel=\"noopener\" href=\"http:\/\/www.impotsdirects.public.lu\/fr\/az\/i\/impot_salar.html\">imp&ocirc;t forfaitaire<\/a>&nbsp;a, en principe, un caract&egrave;re d&eacute;finitif. N&eacute;anmoins, il se peut que, du fait de l&rsquo;imp&ocirc;t forfaitaire, le salari&eacute; paye plus d&rsquo;imp&ocirc;t que ce qu&rsquo;il aurait d&ucirc; payer d&rsquo;apr&egrave;s le r&eacute;gime d&rsquo;imposition normal. C&rsquo;est pourquoi le salari&eacute; peut demander, &agrave; la fin de l&rsquo;ann&eacute;e d&rsquo;imposition, la r&eacute;gularisation de l&rsquo;imp&ocirc;t aupr&egrave;s de l&rsquo;Administration des contributions directes. Cette demande se fait :<\/p>\n<ul>\n<li>soit par la remise d&rsquo;un d&eacute;compte annuel (selon que le salari&eacute; est&nbsp;r&eacute;sident&nbsp;ou&nbsp;non r&eacute;sident) ;<\/li>\n<li>soit par voie d&rsquo;assiette via une d&eacute;claration d&rsquo;imp&ocirc;t sur le revenu (selon que le salari&eacute; est&nbsp;<a href=\"https:\/\/guichet.public.lu\/fr\/citoyens\/impots-taxes\/activite-salariee-resident\/declaration-resident\/declaration-impot.html\">r&eacute;sident<\/a>&nbsp;ou&nbsp;<a href=\"https:\/\/guichet.public.lu\/fr\/citoyens\/impots-taxes\/activite-salariee-non-resident\/declaration-revenu-non-resident\/declaration-impot.html\">non r&eacute;sident<\/a>)\n<\/li>\n<\/ul>\n<p>L&rsquo;extrait de compte d&eacute;livr&eacute; par le CCSS vaudra comme certificat de salaire.<\/p>\n<p>La d&eacute;claration du personnel dans le m&eacute;nage priv&eacute; permet &agrave; l&rsquo;employeur de b&eacute;n&eacute;ficier d&rsquo;un&nbsp;<strong>abattement forfaitaire<\/strong>&nbsp;maximal de 5.400 euros par an (via la d&eacute;claration d&rsquo;imp&ocirc;t sur le revenu). Cet abattement forfaitaire compense le fait que l&#8217;employeur doit payer un imp&ocirc;t forfaitaire de 10 %.<\/p>\n<p>A la fin de l&rsquo;ann&eacute;e d&rsquo;imposition, le CCSS &eacute;met un&nbsp;<strong>certificat sp&eacute;cial<\/strong>&nbsp;&agrave; destination de l&#8217;employeur pour faire valoir et documenter ses droits en mati&egrave;re d&rsquo;abattement sur le revenu pour charges extraordinaires. L&rsquo;employeur joint ce document &agrave; sa d&eacute;claration d&rsquo;imp&ocirc;t sur le revenu.<\/p>\n<\/p>\n<h4><strong>Fiche de retenue d&rsquo;imp&ocirc;ts<\/strong><\/h4>\n<p>La personne occup&eacute;e est dispens&eacute;e de la remise d&rsquo;une fiche de retenue d&rsquo;imp&ocirc;ts. Si cette derni&egrave;re devait tout de m&ecirc;me remettre une fiche de retenue d&rsquo;imp&ocirc;t, celle-ci est alors &agrave; adresser par l&rsquo;employeur &agrave; l&rsquo;Administration des contributions directes &#8211;&nbsp;<a target=\"_blank\" rel=\"noopener\" href=\"http:\/\/www.impotsdirects.public.lu\/fr\/profil\/organigramme\/rts\/rts_esch-sur-alzette.html\">Bureau RTS<\/a>&nbsp;&agrave; Esch-sur-Alzette, avec la mention \u00ab\u00a0personnel de m&eacute;nage\u00a0\u00bb.<\/p>\n<p>L&rsquo;employeur mentionnera au verso de la fiche :<\/p>\n<ul>\n<li>son propre num&eacute;ro d&rsquo;identification national (matricule &agrave; 13 chiffres) ;<\/li>\n<li>son nom, pr&eacute;nom et adresse ;<\/li>\n<li>le fait que le salari&eacute; est soumis &agrave; l&rsquo;imp&ocirc;t forfaitaire de 10 %.<\/li>\n<\/ul>\n<h4><strong>Cr&eacute;dit d&rsquo;imp&ocirc;ts<\/strong><\/h4>\n<p>Le Centre commun bonifie mensuellement les personnes occup&eacute;es dans les m&eacute;nages du cr&eacute;dit d&rsquo;imp&ocirc;t de 25 euros par mois ou 1 euro par jour d&rsquo;affiliation ne couvrant pas le mois entier.<\/p>\n<h2><\/h2>\n<p><strong>\ud83d\udca1 <\/strong> T<strong>&eacute;l&eacute;chargez les d&eacute;clarations &agrave; effectuer ci-dessous :<\/strong><\/p>\n<p><a href=\"https:\/\/ccss.public.lu\/dam-assets\/formulaires\/fr\/ccss-formulaire-entree-menage-FR.pdf\">D&eacute;claration d&rsquo;une occupation dans un m&eacute;nage priv&eacute; \/ famille d&rsquo;accueil (public.lu)<\/a><\/p>\n<p><a href=\"https:\/\/ccss.public.lu\/dam-assets\/formulaires\/fr\/ccss-formulaire-sortie-FR.pdf\">D&eacute;claration de sortie (public.lu)<\/a><\/p>\n<\/p>\n<p>A tr&egrave;s vite sur Yoopies ! \n<\/p>\n<p>\u26a0\ufe0f <em>Ces informations ne constituent pas un conseil juridique et ne font que reprendre les informations officielles publi&eacute;es par les autorit&eacute;s comp&eacute;tentes. N&rsquo;h&eacute;sitez pas &agrave; consulter les textes applicables accessibles sur les <a href=\"https:\/\/guichet.public.lu\/fr\/citoyens\/sante-social\/assurance-dependance\/embauche-personnel\/engager-personnel-menage-prive.html\">sites internet officiels<\/a>.<\/em><\/p><\/p>\n","protected":false},"excerpt":{"rendered":"<p>Il y a plusieurs &eacute;tapes &agrave; bien respecter pour d&eacute;clarer un salari&eacute; &agrave; domicile &#8211; &hellip; <\/p>\n","protected":false},"author":10,"featured_media":244,"parent":0,"menu_order":0,"comment_status":"closed","ping_status":"closed","template":"","meta":{"_acf_changed":false,"footnotes":""},"class_list":["post-243","page","type-page","status-publish","has-post-thumbnail","hentry"],"acf":[],"yoast_head":"<!-- This site is optimized with the Yoast SEO plugin v26.9 - https:\/\/yoast.com\/product\/yoast-seo-wordpress\/ -->\n<title>Comment d\u00e9clarer un salari\u00e9 \u00e0 domicile ?<\/title>\n<meta name=\"description\" content=\"Vous envisagez de faire appel \u00e0 un salari\u00e9 \u00e0 domicile pour s&#039;occuper de vos enfants ou pour l&#039;entretien de votre domicile ? Voici nos pr\u00e9cieux conseils pour trouver, recruter et d\u00e9clarer la perle rare !\" \/>\n<meta name=\"robots\" content=\"index, follow, max-snippet:-1, max-image-preview:large, max-video-preview:-1\" \/>\n<link rel=\"canonical\" href=\"https:\/\/yoopies.lu\/c\/comment-declarer-un-salarie-a-domicile\/\" \/>\n<meta property=\"og:locale\" content=\"fr_FR\" \/>\n<meta property=\"og:type\" content=\"article\" \/>\n<meta property=\"og:title\" content=\"Comment d\u00e9clarer un salari\u00e9 \u00e0 domicile ?\" \/>\n<meta property=\"og:description\" content=\"Vous envisagez de faire appel \u00e0 un salari\u00e9 \u00e0 domicile pour s&#039;occuper de vos enfants ou pour l&#039;entretien de votre domicile ? Voici nos pr\u00e9cieux conseils pour trouver, recruter et d\u00e9clarer la perle rare !\" \/>\n<meta property=\"og:url\" content=\"https:\/\/yoopies.lu\/c\/comment-declarer-un-salarie-a-domicile\/\" \/>\n<meta property=\"og:site_name\" content=\"Yoopies Luxembourg\" \/>\n<meta property=\"article:modified_time\" content=\"2025-06-12T08:47:39+00:00\" \/>\n<meta property=\"og:image\" content=\"https:\/\/yoopies.lu\/c\/wp-content\/uploads\/sites\/11\/2022\/08\/89e306bb-d4ca-44a0-8cf1-23bff2172e3d-pexels-fauxels-318446528129.jpg\" \/>\n\t<meta property=\"og:image:width\" content=\"1200\" \/>\n\t<meta property=\"og:image:height\" content=\"800\" \/>\n\t<meta property=\"og:image:type\" content=\"image\/jpeg\" \/>\n<meta name=\"twitter:card\" content=\"summary_large_image\" \/>\n<meta name=\"twitter:label1\" content=\"Dur\u00e9e de lecture estim\u00e9e\" \/>\n\t<meta name=\"twitter:data1\" content=\"7 minutes\" \/>\n<script type=\"application\/ld+json\" class=\"yoast-schema-graph\">{\"@context\":\"https:\/\/schema.org\",\"@graph\":[{\"@type\":\"WebPage\",\"@id\":\"https:\/\/yoopies.lu\/c\/comment-declarer-un-salarie-a-domicile\/\",\"url\":\"https:\/\/yoopies.lu\/c\/comment-declarer-un-salarie-a-domicile\/\",\"name\":\"Comment d\u00e9clarer un salari\u00e9 \u00e0 domicile ?\",\"isPartOf\":{\"@id\":\"https:\/\/yoopies.lu\/c\/#website\"},\"primaryImageOfPage\":{\"@id\":\"https:\/\/yoopies.lu\/c\/comment-declarer-un-salarie-a-domicile\/#primaryimage\"},\"image\":{\"@id\":\"https:\/\/yoopies.lu\/c\/comment-declarer-un-salarie-a-domicile\/#primaryimage\"},\"thumbnailUrl\":\"https:\/\/yoopies.lu\/c\/wp-content\/uploads\/sites\/11\/2022\/08\/89e306bb-d4ca-44a0-8cf1-23bff2172e3d-pexels-fauxels-318446528129.jpg\",\"datePublished\":\"2022-08-29T10:02:07+00:00\",\"dateModified\":\"2025-06-12T08:47:39+00:00\",\"description\":\"Vous envisagez de faire appel \u00e0 un salari\u00e9 \u00e0 domicile pour s'occuper de vos enfants ou pour l'entretien de votre domicile ? Voici nos pr\u00e9cieux conseils pour trouver, recruter et d\u00e9clarer la perle rare !\",\"breadcrumb\":{\"@id\":\"https:\/\/yoopies.lu\/c\/comment-declarer-un-salarie-a-domicile\/#breadcrumb\"},\"inLanguage\":\"fr-FR\",\"potentialAction\":[{\"@type\":\"ReadAction\",\"target\":[\"https:\/\/yoopies.lu\/c\/comment-declarer-un-salarie-a-domicile\/\"]}]},{\"@type\":\"ImageObject\",\"inLanguage\":\"fr-FR\",\"@id\":\"https:\/\/yoopies.lu\/c\/comment-declarer-un-salarie-a-domicile\/#primaryimage\",\"url\":\"https:\/\/yoopies.lu\/c\/wp-content\/uploads\/sites\/11\/2022\/08\/89e306bb-d4ca-44a0-8cf1-23bff2172e3d-pexels-fauxels-318446528129.jpg\",\"contentUrl\":\"https:\/\/yoopies.lu\/c\/wp-content\/uploads\/sites\/11\/2022\/08\/89e306bb-d4ca-44a0-8cf1-23bff2172e3d-pexels-fauxels-318446528129.jpg\",\"width\":1200,\"height\":800},{\"@type\":\"BreadcrumbList\",\"@id\":\"https:\/\/yoopies.lu\/c\/comment-declarer-un-salarie-a-domicile\/#breadcrumb\",\"itemListElement\":[{\"@type\":\"ListItem\",\"position\":1,\"name\":\"Home\",\"item\":\"https:\/\/yoopies.lu\/c\/\"},{\"@type\":\"ListItem\",\"position\":2,\"name\":\"Comment d\u00e9clarer un salari\u00e9 \u00e0 domicile ?\"}]},{\"@type\":\"WebSite\",\"@id\":\"https:\/\/yoopies.lu\/c\/#website\",\"url\":\"https:\/\/yoopies.lu\/c\/\",\"name\":\"Yoopies Luxembourg\",\"description\":\"\",\"potentialAction\":[{\"@type\":\"SearchAction\",\"target\":{\"@type\":\"EntryPoint\",\"urlTemplate\":\"https:\/\/yoopies.lu\/c\/?s={search_term_string}\"},\"query-input\":{\"@type\":\"PropertyValueSpecification\",\"valueRequired\":true,\"valueName\":\"search_term_string\"}}],\"inLanguage\":\"fr-FR\"}]}<\/script>\n<!-- \/ Yoast SEO plugin. -->","yoast_head_json":{"title":"Comment d\u00e9clarer un salari\u00e9 \u00e0 domicile ?","description":"Vous envisagez de faire appel \u00e0 un salari\u00e9 \u00e0 domicile pour s'occuper de vos enfants ou pour l'entretien de votre domicile ? Voici nos pr\u00e9cieux conseils pour trouver, recruter et d\u00e9clarer la perle rare !","robots":{"index":"index","follow":"follow","max-snippet":"max-snippet:-1","max-image-preview":"max-image-preview:large","max-video-preview":"max-video-preview:-1"},"canonical":"https:\/\/yoopies.lu\/c\/comment-declarer-un-salarie-a-domicile\/","og_locale":"fr_FR","og_type":"article","og_title":"Comment d\u00e9clarer un salari\u00e9 \u00e0 domicile ?","og_description":"Vous envisagez de faire appel \u00e0 un salari\u00e9 \u00e0 domicile pour s'occuper de vos enfants ou pour l'entretien de votre domicile ? Voici nos pr\u00e9cieux conseils pour trouver, recruter et d\u00e9clarer la perle rare !","og_url":"https:\/\/yoopies.lu\/c\/comment-declarer-un-salarie-a-domicile\/","og_site_name":"Yoopies Luxembourg","article_modified_time":"2025-06-12T08:47:39+00:00","og_image":[{"width":1200,"height":800,"url":"https:\/\/yoopies.lu\/c\/wp-content\/uploads\/sites\/11\/2022\/08\/89e306bb-d4ca-44a0-8cf1-23bff2172e3d-pexels-fauxels-318446528129.jpg","type":"image\/jpeg"}],"twitter_card":"summary_large_image","twitter_misc":{"Dur\u00e9e de lecture estim\u00e9e":"7 minutes"},"schema":{"@context":"https:\/\/schema.org","@graph":[{"@type":"WebPage","@id":"https:\/\/yoopies.lu\/c\/comment-declarer-un-salarie-a-domicile\/","url":"https:\/\/yoopies.lu\/c\/comment-declarer-un-salarie-a-domicile\/","name":"Comment d\u00e9clarer un salari\u00e9 \u00e0 domicile ?","isPartOf":{"@id":"https:\/\/yoopies.lu\/c\/#website"},"primaryImageOfPage":{"@id":"https:\/\/yoopies.lu\/c\/comment-declarer-un-salarie-a-domicile\/#primaryimage"},"image":{"@id":"https:\/\/yoopies.lu\/c\/comment-declarer-un-salarie-a-domicile\/#primaryimage"},"thumbnailUrl":"https:\/\/yoopies.lu\/c\/wp-content\/uploads\/sites\/11\/2022\/08\/89e306bb-d4ca-44a0-8cf1-23bff2172e3d-pexels-fauxels-318446528129.jpg","datePublished":"2022-08-29T10:02:07+00:00","dateModified":"2025-06-12T08:47:39+00:00","description":"Vous envisagez de faire appel \u00e0 un salari\u00e9 \u00e0 domicile pour s'occuper de vos enfants ou pour l'entretien de votre domicile ? Voici nos pr\u00e9cieux conseils pour trouver, recruter et d\u00e9clarer la perle rare !","breadcrumb":{"@id":"https:\/\/yoopies.lu\/c\/comment-declarer-un-salarie-a-domicile\/#breadcrumb"},"inLanguage":"fr-FR","potentialAction":[{"@type":"ReadAction","target":["https:\/\/yoopies.lu\/c\/comment-declarer-un-salarie-a-domicile\/"]}]},{"@type":"ImageObject","inLanguage":"fr-FR","@id":"https:\/\/yoopies.lu\/c\/comment-declarer-un-salarie-a-domicile\/#primaryimage","url":"https:\/\/yoopies.lu\/c\/wp-content\/uploads\/sites\/11\/2022\/08\/89e306bb-d4ca-44a0-8cf1-23bff2172e3d-pexels-fauxels-318446528129.jpg","contentUrl":"https:\/\/yoopies.lu\/c\/wp-content\/uploads\/sites\/11\/2022\/08\/89e306bb-d4ca-44a0-8cf1-23bff2172e3d-pexels-fauxels-318446528129.jpg","width":1200,"height":800},{"@type":"BreadcrumbList","@id":"https:\/\/yoopies.lu\/c\/comment-declarer-un-salarie-a-domicile\/#breadcrumb","itemListElement":[{"@type":"ListItem","position":1,"name":"Home","item":"https:\/\/yoopies.lu\/c\/"},{"@type":"ListItem","position":2,"name":"Comment d\u00e9clarer un salari\u00e9 \u00e0 domicile ?"}]},{"@type":"WebSite","@id":"https:\/\/yoopies.lu\/c\/#website","url":"https:\/\/yoopies.lu\/c\/","name":"Yoopies Luxembourg","description":"","potentialAction":[{"@type":"SearchAction","target":{"@type":"EntryPoint","urlTemplate":"https:\/\/yoopies.lu\/c\/?s={search_term_string}"},"query-input":{"@type":"PropertyValueSpecification","valueRequired":true,"valueName":"search_term_string"}}],"inLanguage":"fr-FR"}]}},"_links":{"self":[{"href":"https:\/\/yoopies.lu\/c\/wp-json\/wp\/v2\/pages\/243","targetHints":{"allow":["GET"]}}],"collection":[{"href":"https:\/\/yoopies.lu\/c\/wp-json\/wp\/v2\/pages"}],"about":[{"href":"https:\/\/yoopies.lu\/c\/wp-json\/wp\/v2\/types\/page"}],"author":[{"embeddable":true,"href":"https:\/\/yoopies.lu\/c\/wp-json\/wp\/v2\/users\/10"}],"replies":[{"embeddable":true,"href":"https:\/\/yoopies.lu\/c\/wp-json\/wp\/v2\/comments?post=243"}],"version-history":[{"count":1,"href":"https:\/\/yoopies.lu\/c\/wp-json\/wp\/v2\/pages\/243\/revisions"}],"predecessor-version":[{"id":245,"href":"https:\/\/yoopies.lu\/c\/wp-json\/wp\/v2\/pages\/243\/revisions\/245"}],"wp:featuredmedia":[{"embeddable":true,"href":"https:\/\/yoopies.lu\/c\/wp-json\/wp\/v2\/media\/244"}],"wp:attachment":[{"href":"https:\/\/yoopies.lu\/c\/wp-json\/wp\/v2\/media?parent=243"}],"curies":[{"name":"wp","href":"https:\/\/api.w.org\/{rel}","templated":true}]}}